{"id":227,"date":"2023-02-08T09:48:54","date_gmt":"2023-02-08T08:48:54","guid":{"rendered":"https:\/\/sanitaetshaus-borger.de\/2023\/wordpress\/?page_id=227"},"modified":"2024-07-03T10:20:39","modified_gmt":"2024-07-03T08:20:39","slug":"ueber-uns","status":"publish","type":"page","link":"https:\/\/sanitaetshaus-borger.de\/2023\/wordpress\/ueber-uns\/","title":{"rendered":"\u00dcber uns"},"content":{"rendered":"\t\t<div data-elementor-type=\"wp-page\" data-elementor-id=\"227\" class=\"elementor elementor-227\" data-elementor-post-type=\"page\">\n\t\t\t\t\t\t<section class=\"elementor-section elementor-top-section elementor-element elementor-element-d88d1ea elementor-section-boxed elementor-section-height-default elementor-section-height-default\" data-id=\"d88d1ea\" data-element_type=\"section\">\n\t\t\t\t\t\t<div class=\"elementor-container elementor-column-gap-default\">\n\t\t\t\t\t<div class=\"elementor-column elementor-col-100 elementor-top-column elementor-element elementor-element-1f3f11e\" data-id=\"1f3f11e\" data-element_type=\"column\">\n\t\t\t<div class=\"elementor-widget-wrap elementor-element-populated\">\n\t\t\t\t\t\t<div class=\"elementor-element elementor-element-74cbef9 elementor-widget elementor-widget-heading\" data-id=\"74cbef9\" data-element_type=\"widget\" data-widget_type=\"heading.default\">\n\t\t\t\t<div class=\"elementor-widget-container\">\n\t\t\t\t\t<h2 class=\"elementor-heading-title elementor-size-default\">\u00dcber uns<\/h2>\t\t\t\t<\/div>\n\t\t\t\t<\/div>\n\t\t\t\t\t<\/div>\n\t\t<\/div>\n\t\t\t\t\t<\/div>\n\t\t<\/section>\n\t\t\t\t<section class=\"elementor-section elementor-top-section elementor-element elementor-element-c2d47e5 elementor-section-boxed elementor-section-height-default elementor-section-height-default\" data-id=\"c2d47e5\" data-element_type=\"section\">\n\t\t\t\t\t\t<div class=\"elementor-container elementor-column-gap-default\">\n\t\t\t\t\t<div class=\"elementor-column elementor-col-33 elementor-top-column elementor-element elementor-element-3639914\" data-id=\"3639914\" data-element_type=\"column\">\n\t\t\t<div class=\"elementor-widget-wrap elementor-element-populated\">\n\t\t\t\t\t\t<div class=\"elementor-element elementor-element-12c1e79 elementor-widget elementor-widget-image\" data-id=\"12c1e79\" data-element_type=\"widget\" data-widget_type=\"image.default\">\n\t\t\t\t<div class=\"elementor-widget-container\">\n\t\t\t\t\t\t\t\t\t\t\t\t\t\t\t<img fetchpriority=\"high\" decoding=\"async\" width=\"750\" height=\"965\" src=\"https:\/\/sanitaetshaus-borger.de\/2023\/wordpress\/wp-content\/uploads\/2023\/02\/Sanitaetshaus-Borger-Standort-1-796x1024.jpg\" class=\"attachment-large size-large wp-image-152\" alt=\"\" srcset=\"https:\/\/sanitaetshaus-borger.de\/2023\/wordpress\/wp-content\/uploads\/2023\/02\/Sanitaetshaus-Borger-Standort-1-796x1024.jpg 796w, https:\/\/sanitaetshaus-borger.de\/2023\/wordpress\/wp-content\/uploads\/2023\/02\/Sanitaetshaus-Borger-Standort-1-233x300.jpg 233w, https:\/\/sanitaetshaus-borger.de\/2023\/wordpress\/wp-content\/uploads\/2023\/02\/Sanitaetshaus-Borger-Standort-1-768x988.jpg 768w, https:\/\/sanitaetshaus-borger.de\/2023\/wordpress\/wp-content\/uploads\/2023\/02\/Sanitaetshaus-Borger-Standort-1.jpg 1048w\" sizes=\"(max-width: 750px) 100vw, 750px\" style=\"width:100%;height:128.63%;max-width:1048px\" \/>\t\t\t\t\t\t\t\t\t\t\t\t\t\t\t<\/div>\n\t\t\t\t<\/div>\n\t\t\t\t\t<\/div>\n\t\t<\/div>\n\t\t\t\t<div class=\"elementor-column elementor-col-33 elementor-top-column elementor-element elementor-element-3a348c1\" data-id=\"3a348c1\" data-element_type=\"column\">\n\t\t\t<div class=\"elementor-widget-wrap elementor-element-populated\">\n\t\t\t\t\t\t<div class=\"elementor-element elementor-element-58839a2 elementor-widget elementor-widget-text-editor\" data-id=\"58839a2\" data-element_type=\"widget\" data-widget_type=\"text-editor.default\">\n\t\t\t\t<div class=\"elementor-widget-container\">\n\t\t\t\t\t\t\t\t\t<div><div><div><p>Das Sanit\u00e4tshaus Borger, auch bekannt als SaniBo, bietet seinen Kunden einen umfassenden Rundum-Service f\u00fcr ihr Wohlbefinden. Wir arbeiten eng mit kompetenten Partnern und Krankenkassen zusammen, um sicherzustellen, dass unsere Kunden die bestm\u00f6gliche Versorgung erhalten. Unser Angebot umfasst alles, von der Handhabung von Hilfsmitteln im Haushalt bis hin zum Reparaturservice f\u00fcr mobile Ger\u00e4te. Wir f\u00fchren eine breite Palette von Hilfsmitteln, darunter Rollatoren, Elektromobile und praktische Alltagshelfer, die das Leben erleichtern.<\/p><p>Als zertifizierter Fachh\u00e4ndler bieten wir Ihnen kompetente und umfassende Beratung direkt vor Ort in Haltern am See &#8211; und das selbstverst\u00e4ndlich kostenfrei.<\/p><\/div><\/div><\/div>\t\t\t\t\t\t\t\t<\/div>\n\t\t\t\t<\/div>\n\t\t\t\t\t<\/div>\n\t\t<\/div>\n\t\t\t\t<div class=\"elementor-column elementor-col-33 elementor-top-column elementor-element elementor-element-22ef2fa\" data-id=\"22ef2fa\" data-element_type=\"column\">\n\t\t\t<div class=\"elementor-widget-wrap elementor-element-populated\">\n\t\t\t\t\t\t<div class=\"elementor-element elementor-element-8775573 elementor-widget__width-initial elementor-widget elementor-widget-google_maps\" data-id=\"8775573\" data-element_type=\"widget\" data-widget_type=\"google_maps.default\">\n\t\t\t\t<div class=\"elementor-widget-container\">\n\t\t\t\t\t\t\t<div class=\"elementor-custom-embed\">\n\t\t\t<iframe loading=\"lazy\"\n\t\t\t\t\tsrc=\"https:\/\/maps.google.com\/maps?q=Sanit%C3%A4tshaus%20Borger&#038;t=m&#038;z=12&#038;output=embed&#038;iwloc=near\"\n\t\t\t\t\ttitle=\"Sanit\u00e4tshaus Borger\"\n\t\t\t\t\taria-label=\"Sanit\u00e4tshaus Borger\"\n\t\t\t><\/iframe>\n\t\t<\/div>\n\t\t\t\t\t\t<\/div>\n\t\t\t\t<\/div>\n\t\t\t\t\t<\/div>\n\t\t<\/div>\n\t\t\t\t\t<\/div>\n\t\t<\/section>\n\t\t\t\t<section class=\"elementor-section elementor-top-section elementor-element elementor-element-4b4bace elementor-section-boxed elementor-section-height-default elementor-section-height-default\" data-id=\"4b4bace\" data-element_type=\"section\">\n\t\t\t\t\t\t<div class=\"elementor-container elementor-column-gap-default\">\n\t\t\t\t\t<div class=\"elementor-column elementor-col-100 elementor-top-column elementor-element elementor-element-78e6280\" data-id=\"78e6280\" data-element_type=\"column\">\n\t\t\t<div class=\"elementor-widget-wrap\">\n\t\t\t\t\t\t\t<\/div>\n\t\t<\/div>\n\t\t\t\t\t<\/div>\n\t\t<\/section>\n\t\t\t\t<\/div>\n\t\t","protected":false},"excerpt":{"rendered":"<p>\u00dcber uns Das Sanit\u00e4tshaus Borger, auch bekannt als SaniBo, bietet seinen Kunden einen umfassenden Rundum-Service f\u00fcr ihr Wohlbefinden. Wir arbeiten eng mit kompetenten Partnern und Krankenkassen zusammen, um sicherzustellen, dass unsere Kunden die bestm\u00f6gliche Versorgung erhalten. Unser Angebot umfasst alles, von der Handhabung von Hilfsmitteln im Haushalt bis hin zum Reparaturservice f\u00fcr mobile Ger\u00e4te. Wir&hellip; <a class=\"more-link\" href=\"https:\/\/sanitaetshaus-borger.de\/2023\/wordpress\/ueber-uns\/\"><span class=\"screen-reader-text\">\u00dcber uns<\/span> weiterlesen<\/a><\/p>\n","protected":false},"author":1,"featured_media":0,"parent":0,"menu_order":0,"comment_status":"closed","ping_status":"closed","template":"elementor_header_footer","meta":{"footnotes":""},"class_list":["post-227","page","type-page","status-publish","hentry","entry"],"_links":{"self":[{"href":"https:\/\/sanitaetshaus-borger.de\/2023\/wordpress\/wp-json\/wp\/v2\/pages\/227","targetHints":{"allow":["GET"]}}],"collection":[{"href":"https:\/\/sanitaetshaus-borger.de\/2023\/wordpress\/wp-json\/wp\/v2\/pages"}],"about":[{"href":"https:\/\/sanitaetshaus-borger.de\/2023\/wordpress\/wp-json\/wp\/v2\/types\/page"}],"author":[{"embeddable":true,"href":"https:\/\/sanitaetshaus-borger.de\/2023\/wordpress\/wp-json\/wp\/v2\/users\/1"}],"replies":[{"embeddable":true,"href":"https:\/\/sanitaetshaus-borger.de\/2023\/wordpress\/wp-json\/wp\/v2\/comments?post=227"}],"version-history":[{"count":20,"href":"https:\/\/sanitaetshaus-borger.de\/2023\/wordpress\/wp-json\/wp\/v2\/pages\/227\/revisions"}],"predecessor-version":[{"id":578,"href":"https:\/\/sanitaetshaus-borger.de\/2023\/wordpress\/wp-json\/wp\/v2\/pages\/227\/revisions\/578"}],"wp:attachment":[{"href":"https:\/\/sanitaetshaus-borger.de\/2023\/wordpress\/wp-json\/wp\/v2\/media?parent=227"}],"curies":[{"name":"wp","href":"https:\/\/api.w.org\/{rel}","templated":true}]}}